r when 206613453 is divided by 614.
611
Calculate the remainder when 7166874 is divided by 20.
14
What is the remainder when 1164843 is divided by 254?
253
Calculate the remainder when 1347 is divided by 797.
550
Calculate the remainder when 887651 is divided by 19296.
35
What is the remainder when 1444055 is divided by 41?
35
What is the remainder when 4157443 is divided by 414?
55
Calculate the remainder when 4060841 is divided by 50760.
41
Calculate the remainder when 29267 is divided by 1017.
791
Calculate the remainder when 61813 is divided by 19396.
3625
What is the remainder when 11065584 is divided by 47?
45
Calculate the remainder when 649634 is divided by 324812.
10
What is the remainder when 19085614 is divided by 63?
16
What is the remainder when 58638999 is divided by 6?
3
What is the remainder when 6108006 is divided by 7597?
18
Calculate the remainder when 8165 is divided by 6215.
1950
Calculate the remainder when 315779 is divided by 1594.
167
What is the remainder when 667412 is divided by 1507?
1318
Calculate the remainder when 9152937 is divided by 2944.
41
Calculate the remainder when 740815 is divided by 4.
3
What is the remainder when 716107243 is divided by 133?
131
Calculate the remainder when 44958 is divided by 14886.
300
Calculate the remainder when 1954353 is divided by 488587.
5
Calculate the remainder when 52902571 is divided by 21.
1
Calculate the remainder when 3314646 is divided by 220976.
6
Calculate the remainder when 69954 is divided by 736.
34
What is the remainder when 477118 is divided by 99?
37
What is the remainder when 32399 is divided by 2677?
275
Calculate the remainder when 56795 is divided by 728.
11
What is the remainder when 302914 is divided by 3741?
3634
What is the remainder when 3296595 is divided by 1424?
35
Calculate the remainder when 1074774 is divided by 214949.
29
Calculate the remainder when 1095081 is divided by 412.
397
What is the remainder when 442728 is divided by 179?
61
Calculate the remainder when 5967561 is divided by 101.
77
Calculate the remainder when 404962 is divided by 33746.
10
What is the remainder when 55297 is divided by 358?
165
Calculate the remainder when 229782 is divided by 8206.
14
What is the remainder when 1109457 is divided by 65?
37
What is the remainder when 286667 is divided by 95554?
5
Calculate the remainder when 54626643 is divided by 27313317.
9
What is the remainder when 1530971 is divided by 90?
71
Calculate the remainder when 40508162 is divided by 12422.
20
Calculate the remainder when 2012298 is divided by 8281.
15
Calculate the remainder when 114768 is divided by 114754.
14
What is the remainder when 14571603 is divided by 92?
91
Calculate the remainder when 111724 is divided by 228.
4
Calculate the remainder when 17131899 is divided by 17131897.
2
Calculate the remainder when 490069 is divided by 1842.
97
What is the remainder when 36277495 is divided by 5873?
5847
Calculate the remainder when 17620331 is divided by 40.
11
Calculate the remainder when 28254225 is divided by 556.
529
What is the remainder when 43076 is divided by 42704?
372
Calculate the remainder when 394644 is divided by 15766.
494
What is the remainder when 5838 is divided by 2897?
44
Calculate the remainder when 398471 is divided by 132640.
551
What is the remainder when 2104414 is divided by 113?
15
What is the remainder when 109838 is divided by 36326?
860
What is the remainder when 14634851 is divided by 3658704?
35
What is the remainder when 2015237 is divided by 304?
21
Calculate the remainder when 9401088 is divided by 31.
28
What is the remainder when 37308 is divided by 17595?
2118
What is the remainder when 9483799 is divided by 25?
24
What is the remainder when 7866177 is divided by 1966532?
49
Calculate the remainder when 583456964 is divided by 6889.
6887
Calculate the remainder when 22551 is divided by 21176.
1375
What is the remainder when 18434355 is divided by 438913?
9
What is the remainder when 1601873 is divided by 73?
34
What is the remainder when 126845 is divided by 498?
353
Calculate the remainder when 14655 is divided by 3749.
3408
Calculate the remainder when 54095 is divided by 1159.
781
What is the remainder when 4441779 is divided by 4441768?
11
What is the remainder when 2155165 is divided by 13727?
26
Calculate the remainder when 101545 is divided by 30.
25
What is the remainder when 6823346 is divided by 252716?
14
What is the remainder when 260701 is divided by 17342?
571
What is the remainder when 8746164 is divided by 116?
112
Calculate the remainder when 20396732 is divided by 211.
206
Calculate the remainder when 157934 is divided by 9408.
7406
What is the remainder when 684304 is divided by 342030?
244
What is the remainder when 1011263973 is divided by 5?
3
What is the remainder when 622113 is divided by 341?
129
What is the remainder when 60301880 is divided by 77?
23
Calculate the remainder when 341259 is divided by 3027.
2235
Calculate the remainder when 2414936 is divided by 73.
23
What is the remainder when 3005005 is divided by 273182?
3
Calculate the remainder when 1622018 is divided by 540654.
56
Calculate the remainder when 3186806 is divided by 1593399.
8
Calculate the remainder when 23013 is divided by 4556.
233
What is the remainder when 49845 is divided by 6187?
349
Calculate the remainder when 323061 is divided by 646.
61
Calculate the remainder when 3803709 is divided by 66.
63
Calculate the remainder when 1220435 is divided by 203.
202
What is the remainder when 3494020 is divided by 2635?
10
Calculate the remainder when 258929 is divided by 2238.
1559
Calculate the remainder when 772712 is divided by 17970.
2
Calculate the remainder when 2583031 is divided by 9225.
31
What is the remainder when 21274509 is divided by 67?
66
Calculate the remainder when 286114 is divided by 1635.
1624
Calculate the remainder when 236132 is divided by 29511.
44
Calculate the remainder when 5833740 is divided by 173.
7
What is the remainder when 715666 is divided by 1243?
941
What is the remainder when 1423795 is divided by 355885?
255
What is the remainder when 1124588 is divided by 8?
4
What is the remainder when 224849 is divided by 4587?
86
What is the remainder when 257355 is divided by 128596?
163
Calculate the remainder when 1331853 is divided by 16046.
35
What is the remainder when 567908 is divided by 150?
8
Calculate the remainder when 2361543 is divided by 153.
141
Calculate the remainder when 2773054 is divided by 462173.
16
What is the remainder when 6640 is divided by 886?
438
Calculate the remainder when 15439976 is divided by 1662.
1658
Calculate the remainder when 498998 is divided by 1834.
150
Calculate the remainder when 4882421 is divided by 1021.
1020
What is the remainder when 1126826 is divided by 20864?
170
What is the remainder when 146749278 is divided by 290?
288
What is the remainder when 49269 is divided by 12260?
229
Calculate the remainder when 2113697 is divided by 4790.
1307
Calculate the remainder when 44864 is divided by 44850.
14
Calculate the remainder when 25978258 is divided by 60.
58
What is the remainder when 4519277 is divided by 561?
422
Calculate the remainder when 5697622 is divided by 75968.
22
What is the remainder when 2370207 is divided by 47?
44
Calculate the remainder when 441030 is divided by 184.
166
Calculate the remainder when 362936883 is divided by 8146.
8145
What is the remainder when 61167427 is divided by 2038914?
7
Calculate the remainder when 532573 is divided by 33.
19
Calculate the remainder when 36352 is divided by 2023.
1961
Calculate the remainder when 361339 is divided by 6576.
6235
What is the remainder when 12650716 is divided by 392?
92
What is the remainder when 43252 is divided by 10786?
108
Calculate the remainder when 16469938 is divided by 1020.
1018
Calculate the remainder when 5560132 is divided by 2364.
4
What is the remainder when 4345986 is divided by 479?
19
What is the remainder when 577221 is divided by 263?
199
What is the remainder when 141274 is divided by 4036?
14
Calculate the remainder when 1570 is divided by 7.
2
What is the remainder when 22735087 is divided by 12?
7
What is the remainder when 334705199 is divided by 12?
11
Calculate the remaind